a composite number?
False
Is 48376787 a prime number?
True
Is 2998786319 a prime number?
True
Is 8059993061 prime?
True
Is 4638273769 a prime number?
False
Is 81384392303 a composite number?
True
Is 737093117 prime?
False
Is 1139889497 prime?
False
Is 168856717 prime?
True
Is 20788639153 a composite number?
True
Is 145425412681 a composite number?
True
Is 891888727 prime?
False
Is 141561517 composite?
True
Is 1632927121 a composite number?
True
Is 473377127 a composite number?
True
Is 8054193029 a prime number?
True
Is 5296890811 prime?
False
Is 486021278 prime?
False
Is 893449591 a prime number?
True
Is 74924446339 prime?
True
Is 63356376221 a prime number?
False
Is 41723653583 prime?
False
Is 16393576557 composite?
True
Is 107313377 prime?
False
Is 9837177169 a prime number?
False
Is 38734183493 composite?
False
Is 43382321 a composite number?
True
Is 29071488463 a composite number?
True
Is 2497062769 prime?
False
Is 2470150993 a prime number?
False
Is 4202557409 a composite number?
True
Is 7574681431 prime?
True
Is 4800657089 composite?
False
Is 5225900377 prime?
True
Is 288688597 a prime number?
True
Is 4756268059 a composite number?
False
Is 283096889 composite?
False
Is 15186590539 prime?
False
Is 683012641 prime?
True
Is 2871520759 composite?
True
Is 38409141741 prime?
False
Is 134097357 composite?
True
Is 20142407 a prime number?
False
Is 79105231 composite?
False
Is 7891003619 a prime number?
True
Is 4910139271 a composite number?
False
Is 1943077823 prime?
False
Is 3831172547 a composite number?
True
Is 1183474087 prime?
False
Is 61672983137 a prime number?
True
Is 6736400387 a prime number?
False
Is 2850909991 prime?
False
Is 206424809 a composite number?
False
Is 5582230403 a composite number?
False
Is 3246822974 a composite number?
True
Is 29291929103 prime?
True
Is 721987207 a composite number?
False
Is 1981987291 a prime number?
True
Is 782654357 prime?
True
Is 998382887 a prime number?
True
Is 24029659067 a composite number?
False
Is 9441826619 a composite number?
True
Is 5183243959 prime?
False
Is 83221680253 a composite number?
False
Is 11653407517 composite?
True
Is 5770761349 a composite number?
False
Is 1164630839 composite?
False
Is 13260552013 a prime number?
True
Is 369842359 a prime number?
False
Is 12518509313 a composite number?
True
Is 1425649102 a prime number?
False
Is 183179959 prime?
False
Is 1224508631 a prime number?
True
Is 3366559709 prime?
True
Is 207698417 a prime number?
False
Is 12065140727 a prime number?
True
Is 6639532651 composite?
True
Is 125435483045 composite?
True
Is 5318310583 prime?
False
Is 8547153509 a composite number?
False
Is 37845813 prime?
False
Is 171766823 prime?
False
Is 4652380511 a composite number?
False
Is 167522799377 a composite number?
False
Is 9496826567 composite?
False
Is 31759620299 composite?
True
Is 158964367 prime?
False
Is 57132590699 a composite number?
True
Is 580447523 a prime number?
False
Is 8133012337 composite?
False
Is 4165940111 a composite number?
True
Is 51756710417 a prime number?
True
Is 5806306133 a composite number?
False
Is 7604897137 prime?
True
Is 1277163749 prime?
False
Is 663861301 composite?
True
Is 87206840821 composite?
False
Is 4873941857 composite?
False
Is 387146017 a composite number?
False
Is 23931199189 a composite number?
False
Is 15298888621 a composite number?
False
Is 65115603257 a composite number?
True
Is 25639836031 a prime number?
False
Is 98819848583 a prime number?
True
Is 426037069 a composite number?
False
Is 2767358471 composite?
False
Is 181720936203 prime?
False
Is 4996922977 a composite number?
False
Is 5763891649 a composite number?
False
Is 4421789 a composite number?
False
Is 564025513 a prime number?
True
Is 41983614037 composite?
False
Is 997423169 a prime number?
False
Is 428435027 prime?
False
Is 97250929 prime?
True
Is 1841628989 a composite number?
True
Is 1736213 a composite number?
False
Is 339531323 a composite number?
False
Is 5819682461 prime?
True
Is 9113700811 prime?
False
Is 23632521127 composite?
False
Is 1012729171 composite?
True
Is 6008313581 composite?
False
Is 1247854031 a composite number?
True
Is 915612023 composite?
False
Is 6471985483 a composite number?
False
Is 408819847 composite?
True
Is 14991810805 a prime number?
False
Is 1974250501 prime?
True
Is 1355904997 composite?
True
Is 1695469553 composite?
True
Is 613791539 composite?
True
Is 1548725531 a prime number?
True
Is 18631241147 a prime number?
False
Is 3696410279 prime?
True
Is 174226511 a composite number?
True
Is 5613735109 prime?
True
Is 26649995338 prime?
False
Is 2329131529 composite?
True
Is 531506011 composite?
True
Is 9240892027 composite?
False
Is 1722780001 prime?
False
Is 71629888813 a prime number?
False
Is 6156667401 composite?
True
Is 38537761105 a composite number?
True
Is 13369087959 prime?
False
Is 809308519 a prime number?
False
Is 25990609 a composite number?
False
Is 317161541 prime?
False
Is 41315363581 composite?
True
Is 921431081 prime?
True
Is 532524073 prime?
True
Is 21251074861 a composite number?
True
Is 635173127 a composite number?
False
Is 498452436831 a prime number?
False
Is 115962901 prime?
False
Is 449985819 a prime number?
False
Is 8580463 a prime number?
False
Is 9812238407 composite?
False
Is 3201883609 a composite number?
True
Is 6930898903 a prime number?
False
Is 25970221 a prime number?
False
Is 21959879 prime?
False
Is 8887403407 composite?
False
Is 1200681959 composite?
True
Is 246103357 composite?
False
Is 1848962707 a composite number?
False
Is 2615295497 prime?
False
Is 261321799 a prime number?
True
Is 703232333 a prime number?
False
Is 75519261919 composite?
False
Is 1428664837 prime?
False
Is 5246717341 composite?
False
Is 5966769847 prime?
True
Is 91605543893 composite?
True
Is 57901603285 prime?
False
Is 1146918559 a composite number?
False
Is 1198574903 a composite number?
False
Is 386556667 prime?
False
Is 71237439571 composite?
False
Is 1793929569 a prime number?
False
Is 32908080179 composite?
True
Is 32386663 a composite number?
True
Is 752354891 prime?
True
Is 1829874569 composite?
False
Is 369503940577 a prime number?
True
Is 38470585349 prime?
False
Is 21785290687 a prime number?
True
Is 11149235242 composite?
True
Is 1875682663 prime?
False
Is 11584034009 a composite number?
True
Is 235453411 composite?
False
Is 90485536899 composite?
True
Is 171212812039 composite?
False
Is 12617270527 a prime number?
True
Is 90261473573 a prime number?
True
Is 705992239 prime?
True
Is 210176620193 composite?
False
Is 3877983727 a prime number?
False
Is 18082883033 prime?
True
Is 2935870589 composite?
False
Is 33870429869 prime?
False
Is 98341673 prime?
True
Is 7497044449 a composite number?
False
Is 48616322269 prime?
False
Is 2461560191 a composite number?
False
Is 192184599 composite?
True
Is 14522525419 a prime number?
False
Is 14476411123 a composite number?
False
Is 21174541 composite?
False
Is 93452756153 composite?
True
Is 37254026753 composite?
False
Is 737859611 prime?
True
Is 1083849707 a prime number?
False
Is 54036113 prime?
False
Is 481610113 a prime number?
False
Is 1406486083 prime?
True
Is 22187416793 composite?
True
Is 598336763 a prime number?
True
Is 138619181869 composite?
True
Is 54653939 composite?
False
Is 3316169971 a prime number?
False
Is 22288156139 prime?
True
Is 1438302973 composite?
True
Is 727824329 a prime number?
True
Is 39943157501 a composite number?
True
Is 724874867 a composite number?
False
Is 46864608511 a composite number?
True
Is 24292769 a prime number?
True
Is 91454773 a composite number?
False
Is 7198782251 prime?
True
Is 204233039 composite?
False
Is 20761197859 a composite number?
True
Is 15986908099 composite?
True
Is 340909999 a composite number?
True
Is 8844784847 a prime number?
False
Is 15728639 a composite number?
True
Is 553276463 a prime number?
False
Is 1883931967 a prime number?
True
Is 44266034563 a prime number?
False
Is 415831103 prime?
False
Is 63991494997 composite?
False
Is 3255364514 prime?
False
Is 272762404033 composite?
True
Is 190104263 a composite number?
True
Is 96350389 prime?
True
Is 1771080695 composite?
True
Is 9018165137 a composite number?
False
Is 1067640727 a composite number?
True
Is 2455263043 prime?
True
Is 33559